hat is the highest common factor of 10 and q?
10
Let n be 17 + 1*(-2 - 0). Suppose n = -t + 6*t. Calculate the greatest common divisor of t and 33.
3
Let v = 6 + -2. Suppose l - 65 = -v*l. What is the greatest common divisor of l and 65?
13
Suppose -2*a - 2*y + 35 = a, 4*a + 4*y = 48. Calculate the highest common factor of a and 1.
1
Let l be (2/4)/(2/40). Let t be 18/(((-3)/(-2))/1). Suppose 5*k - 2*k = t. What is the highest common factor of l and k?
2
Suppose 0 = -4*s + 5*x - 55, 2*s - 2*x + 26 = -0*x. Let v be ((-18)/(-15))/((-4)/s). Calculate the highest common divisor of 2 and v.
1
Let h = -11 + 20. Let p be 36*(105/h)/5. What is the greatest common factor of p and 12?
12
Suppose 4*w = -9 + 1. Let x(f) = -12*f - 4. Let a be x(w). Calculate the greatest common divisor of 20 and a.
20
Let n(o) = -o**3 - 7*o**2 - 8*o + 5. Let v be n(-6). Suppose 2*d + 1 = v. Calculate the highest common factor of 8 and d.
8
Let l = 7 + -2. Suppose 0*b + b = l*f + 77, 4*b + 5*f = 283. What is the highest common divisor of b and 24?
24
Let m(p) = 197*p**2 + 1. Let i be m(-1). Calculate the highest common divisor of i and 18.
18
Let n(o) = -47*o**3 - o. Let b be n(-1). Let i(u) = -4*u**2 - 4 - u**2 + 5*u**3 - 3*u**3 - 3*u**3. Let j be i(-6). What is the highest common factor of j and b?
16
Let v = -91 + 112. Calculate the greatest common divisor of 14 and v.
7
Let q be (-4)/(3/(10 + -1)). Let a be (-784)/q - (-1)/(-3). Calculate the highest common factor of a and 13.
13
Let i be -60*-2*2/8. Suppose 0 = -5*q + b + 9, q = -q - 3*b + 7. Let p be q*-10*(-2)/4. What is the greatest common divisor of p and i?
10
Suppose t + h = 0, -6*t + 4 = -3*t + h. Suppose t*l + 3*l = 570. Let w = l - 78. Calculate the highest common divisor of 24 and w.
12
Suppose -3*p - 5*v + 2 + 23 = 0, 4*v - 44 = -4*p. What is the highest common divisor of 30 and p?
15
Let h(x) = x**2 - 5*x - 10. Let k be h(10). Suppose 5*a - 4*p = p + 130, -2*a - p = -k. What is the greatest common divisor of a and 2?
2
Suppose 0 = a - 0*w - 3*w + 8, 4*a - 12 = w. Let n be 9/a + 1/(-4). Let y be 1/n + 636/8. Calculate the highest common factor of 20 and y.
20
Suppose 2*y - c = c + 134, -194 = -3*y - 4*c. Calculate the highest common divisor of y and 99.
33
Suppose 8 = -m + 5*t, 5*t - 29 = -m + 3. Let x = 32 - 47. Let y be (-6)/x - 38/(-5). Calculate the greatest common divisor of y and m.
4
Suppose 0 = -y - 24 + 3. Let s be (-2 + y/(-9))*69. Suppose 4*n = 9 + s. What is the highest common divisor of 8 and n?
8
Let r = -3 - -6. Let f be r/(((-6)/4)/(-3)). What is the highest common divisor of f and 6?
6
Let f(j) = -25*j**2 - 2*j - 3. Let w be f(3). Let t = w + 330. Calculate the highest common divisor of 12 and t.
12
Let a(q) = 15*q + 3. Let s be a(4). Calculate the highest common factor of 7 and s.
7
Let v be (8*6/9)/((-4)/(-36)). Calculate the highest common divisor of 336 and v.
48
Suppose 13*y - 98 = 12*y. Calculate the highest common factor of 14 and y.
14
Let y(x) = x**3 - x**2 + x + 2. Let h be y(2). What is the greatest common divisor of 64 and h?
8
Suppose 3*j + 4*m - 7 = 18, -j = -m - 6. What is the greatest common factor of j and 91?
7
Suppose 5*a - 44 = 3*a. Suppose -s = 7*j - 2*j - a, 4*s - 34 = -2*j. Suppose -4*k = -62 + 6. Calculate the highest common factor of k and s.
7
Suppose 0 = -5*y - 5*d - 60, 5*y + 4*d + 45 + 10 = 0. Let a = y + 9. Calculate the highest common divisor of 10 and a.
2
Let p be 34/10 - 2/5. Suppose -4*q - 2*r = -472, 0*r + 232 = 2*q + p*r. Calculate the highest common divisor of q and 17.
17
Suppose 7 = z + 3. Let p = z + 12. Calculate the greatest common factor of 144 and p.
16
Suppose 5*s + 8 = -2, -122 = -4*w + 5*s. Suppose -2*a = -16 - 12. What is the highest common divisor of w and a?
14
Suppose -2*b = 3*b - 50. Let k(w) = 3*w - 14. Let v be k(b). What is the greatest common divisor of 16 and v?
16
Let o = 9 - 2. Let v = -2 + o. Calculate the highest common factor of v and 20.
5
Let s be (-40)/(-100) + 2 + (-53)/(-5). What is the greatest common divisor of 117 and s?
13
Let f(m) = -m**3 - 5*m**2 + m + 3. Let c be f(-5). Let u = 0 - c. Calculate the highest common divisor of 4 and u.
2
Let c = -3 + 6. What is the highest common factor of c and 27?
3
Let h = -52 + 82. Calculate the highest common divisor of 12 and h.
6
Let g = -10 + 62. Suppose -r - g + 204 = 0. What is the highest common factor of 19 and r?
19
Let r be 3 + 31 - 1 - (1 - 0). Calculate the highest common divisor of 8 and r.
8
Let w = -16 - -19. Suppose 0 = 6*g - w*g - 66. What is the greatest common divisor of g and 2?
2
Let x(n) = 5*n + 3. Let p(g) = 2*g. Let w(j) = 6*p(j) - 2*x(j). Let d be w(7). Calculate the greatest common factor of 4 and d.
4
Suppose 9 = -4*l + 105. Calculate the highest common divisor of 16 and l.
8
Suppose -p + 500 = 4*p. Calculate the highest common factor of 25 and p.
25
Let x be (33 - 2)*1/(-1). Let k be 1 - (3 + -3 + x). Let r = 22 + 26. What is the greatest common divisor of k and r?
16
Suppose 2*u = -5*u + 840. Calculate the greatest common factor of u and 48.
24
Let p = 47 - 68. Let z(s) = -7*s - 6. Let v be z(-7). Let d = p + v. Calculate the highest common divisor of 55 and d.
11
Let z = -50 - -59. What is the highest common factor of 1 and z?
1
Suppose 2*s + 32 = -3*j + 5*j, -3*j + 4*s = -46. Calculate the greatest common divisor of 45 and j.
9
Suppose 0*w = -5*w + 20. Suppose 60 = 2*s + w*y, 0 = -3*s + 3*y + 7 + 47. What is the highest common factor of 2 and s?
2
Suppose -3*v + 18 = -42. Let h(a) = -141*a - 1. Let l be h(-1). What is the highest common factor of v and l?
20
Let b(w) = w**3 + 13*w**2 - 17*w - 12. Let j be b(-14). What is the highest common divisor of j and 12?
6
Let a = 13 - 8. Let l = 55 - 4. Suppose -3*m - 2*z = -173, l = m + 3*z - 4*z. What is the highest common divisor of m and a?
5
Suppose 0 = 4*k - 8 - 12, 4*k = o - 4. Calculate the highest common factor of o and 3.
3
Let y(l) = 2*l - 3. Let j be y(5). Let c(i) = 2*i**2 - 3*i. Let m be c(j). Calculate the highest common divisor of 7 and m.
7
Suppose -5*w = -3*f + 4, 5 = 3*w + 2*w. Let i be -1*4/(-3)*f. What is the highest common factor of 4 and i?
4
Let i = 19 + 0. Calculate the highest common factor of 38 and i.
19
Let h = -14 + 17. Calculate the greatest common divisor of 3 and h.
3
Let n be (2 - 1)/(-1)*-72. Suppose -4*f - 5*h + 99 = 0, -4*f + 6*h = 2*h - n. What is the highest common factor of 84 and f?
21
Suppose 2*b - t + 6*t - 39 = 0, 0 = -5*b + 5*t + 115. What is the highest common divisor of b and 77?
11
Suppose -h = 10 + 4. Let z = -4 - h. What is the greatest common factor of 10 and z?
10
Suppose -10*f = -14*f + 64. Let l = f + -8. What is the highest common divisor of l and 20?
4
Let c(r) = -r - 1. Let s be c(-1). Let x = 2 - s. Suppose -n + x*b + 16 = 6*b, -n + 1 = -b. Calculate the greatest common divisor of n and 16.
4
Let x = 18 + 30. Suppose 0 = 3*l - 0*l - 36. Calculate the greatest common factor of x and l.
12
Let u = 10 - 7. Let o(p) = 7 - p**u - p**2 - 5*p**2 - 7*p - 2*p**2. Let x be o(-7). Calculate the greatest common factor of 56 and x.
7
Let d be 7 - -12 - 1*-1. Calculate the greatest common divisor of 60 and d.
20
Let w = 54 + -48. What is the greatest common divisor of 6 and w?
6
Let q = 47 - 73. Suppose 2*z - 108 = -20. Let x = z + q. What is the greatest common divisor of x and 162?
18
Suppose 3*l = -0 + 6. What is the greatest common factor of l and 22?
2
Suppose -4*l + 2*d + 82 - 8 = 0, 0 = -4*l + d + 79. Suppose 3*y - 2*y + 5 = 0, 0 = 2*j - y - l. Calculate the highest common factor of j and 32.
8
Let g(p) = -5*p + 2 - 5*p**2 - p**3 + 2 - p**2. Let z be g(-5). Suppose 2*y = f + 4*y - 55, z*f - 3*y = 187. Calculate the highest common divisor of f and 7.
7
Let w = -23 - -38. What is the greatest common factor of w and 75?
15
Suppose -z = 3*p - 10, 4*z - z - 30 = -2*p. Calculate the highest common divisor of z and 40.
10
Let n(q) = q**3 - q**2 + q + 14. Let a be n(0). Suppose -105 = -4*x - x. What is the greatest common factor of x and a?
7
Let v = 45 + -75. Let q be ((-1)/1 - v)*1. What is the highest common divisor of q and 232?
29
Let j be 9 + (2/(-4)*0)/(-1). Calculate the greatest common factor of j and 39.
3
Let d(j) = -2*j + 7. Let w be d(0). What is the gr